mainder when o is divided by y(26).
0
Let x be (4/6)/((-6)/9). Let u be ((-3)/(-6))/(x/(-4)). Suppose -93 - 57 = -u*q. What is the remainder when q is divided by 13?
10
Suppose -1 = -x, 6 - 98 = -3*v - 2*x. Suppose -4 = -2*q + u + v, 72 = 4*q - 4*u. Suppose 5*j - q - 14 = 0. Calculate the remainder when 9 is divided by j.
3
Let z = -16 + 27. Calculate the remainder when 241 is divided by z.
10
Suppose 0*f - 13*f + 3133 = 0. What is the remainder when f is divided by 131?
110
Let z be -34 - (1 + (0 - 5)). What is the remainder when 23 is divided by (-2*1 - (-15)/z)*-2?
3
Let f(k) = 8*k**2 - 2*k + 5. Let o be f(3). Suppose -2*u - 52 = 3*p - 4*u, -o = 4*p - u. Let d = p + 30. Calculate the remainder when 57 is divided by d.
9
Let y be -1 + 3 - -2*1*1. Suppose 84 = 3*c + 2*r - 5*r, -2*r = y*c - 106. What is the remainder when 105 is divided by c?
24
Let q = -187 - -198. What is the remainder when q is divided by 8/2 - (4 + -4)?
3
Let v(r) = -r**3 + 13*r**2 + r + 1. Let l be v(13). Let w(o) = -o**2 + 14*o + 16. Calculate the remainder when 27 is divided by w(l).
11
What is the remainder when 233 is divided by (-48)/(-9)*150/20?
33
Let h = -459 - -592. Calculate the remainder when 273 is divided by h.
7
Let r = 1355 - 1350. Suppose a + a + 8 = 0, -4*s + 88 = -5*a. What is the remainder when s is divided by r?
2
Let w = 189 - 129. What is the remainder when 141 is divided by w?
21
Calculate the remainder when 42 is divided by 8/(-12) - 272/(-12).
20
Let p = -127 - -135. Calculate the remainder when 17 is divided by p.
1
Let w be (12/2)/(0 - -1). Let o be (-4)/(-6) - (-536)/w. Suppose y - o = -0*c - 5*c, -3*c + y = -46. Calculate the remainder when c is divided by 9.
8
Suppose 591 = 5*l + 5*v + 61, 2*v = 10. Calculate the remainder when l is divided by 52.
49
Suppose a + a = 0. Suppose a = 5*b - b + j - 53, 0 = 2*j - 2. Suppose 2*o = b + 7. Calculate the remainder when o is divided by 6.
4
Suppose 12 = 4*l, 2*l + 5 = 5*y - 3*l. Suppose 0 = -3*c - y*c + 63. Let p(t) = 2*t - 4. Calculate the remainder when c is divided by p(4).
1
Let l be 24/(-12) + -1*10*1. Let g = l + 33. Calculate the remainder when g is divided by 10.
1
Suppose -2*p + 343 = 6*v - v, -2*v + 150 = 4*p. Let z = v + -50. Calculate the remainder when -26*3/(6/(-5)) is divided by z.
14
Suppose -2*r = -n + 4, -27 = 5*r + 3*n + 5. Let h(s) = s**3 + 3*s**2 - 2*s + 11. What is the remainder when 3 is divided by h(r)?
0
Let a = 1837 - 1415. Calculate the remainder when a is divided by 112.
86
Let a(i) = i**3 + 32*i**2 - 4*i + 21. What is the remainder when a(-32) is divided by 51?
47
Let p(i) = -5*i - 9. Let s(y) = y**2 - 12*y - 2. Let g be s(13). Let a = g - 17. What is the remainder when p(a) is divided by 12?
9
Let i = 3 - 7. Suppose -3*j + 69 - 11 = 2*l, 74 = 2*l - 5*j. What is the remainder when l is divided by i*(3 + (-69)/12)?
10
Let j(x) = 5*x - 5. Let q be j(2). Suppose -q - 1 = -2*g. Calculate the remainder when g is divided by 1.
0
Let j = -1033 + 1043. Calculate the remainder when 76 is divided by j.
6
Suppose -5*m + 8*m - 113 = -q, 3*q + 5*m - 331 = 0. What is the remainder when q is divided by 40?
27
Suppose -9 - 3 = -12*s. Calculate the remainder when (-8)/((-48)/18)*21*s is divided by 16.
15
Calculate the remainder when 21897/27 - (-3 - 1)/2 is divided by 43.
39
Suppose -4*l + 17 = 5. Suppose 0 = l*o + o + 300. Let w = o + 108. Calculate the remainder when w is divided by 18.
15
Let q = 0 - -20. Suppose -4*b = -4*d - b - 68, 4*d - 5*b + 76 = 0. Let j(k) = -5*k - 11. What is the remainder when j(d) is divided by q?
19
Suppose 0 = 5*p - 5*w - 130, -2*p = -3*p + 4*w + 23. Calculate the remainder when p is divided by 7.
6
Suppose 6*s - 279 - 27 = 0. Let w = s + -4. Calculate the remainder when w is divided by 16.
15
Let m = -257 - -266. What is the remainder when 47 is divided by m?
2
Let u(m) = -m**3 - 11*m**2 + 10. Let c be u(-11). Let y = -10 + c. Suppose -78 = -y*a - 2*a. Calculate the remainder when a is divided by 10.
9
What is the remainder when 15/(-6) - (-4)/((-48)/(-1350)) is divided by 66?
44
Calculate the remainder when 56 is divided by (-235)/(-6 + 1) + -2.
11
Let x be 0/7*(-1)/2. Suppose x = -4*u - 2*n + n + 200, -114 = -2*u - 4*n. Calculate the remainder when u is divided by 26.
23
Let s(p) = -p**3 - 8*p**2 - 5*p + 8. Let t be s(-6). Let u = t + 71. Let x = u + 13. What is the remainder when x is divided by 17?
16
Suppose 3*d = 2*y - 0 - 3, -y - 5*d + 34 = 0. Suppose y*f = -86 + 293. What is the remainder when 0 - (-2 + 3) - -69 is divided by f?
22
Suppose 386 = -o + 424. What is the remainder when 179 is divided by o?
27
What is the remainder when 188 is divided by (96/2)/((-14)/(-8) - 1)?
60
Suppose 5*u - 477 = 3*q, -84 = -3*u + 4*q + 211. Calculate the remainder when 4/(12/u) - -3 is divided by 18.
16
Let w = 150 + -122. Calculate the remainder when w is divided by 15.
13
Let b(p) = -19*p + 610. What is the remainder when 125 is divided by b(31)?
20
Let z(p) = -17*p - 18. Let x be z(4). What is the remainder when x/(-9)*3 + 6/(-9) is divided by 17?
11
Let h(p) = p**3 + 15*p**2 - 2*p - 8. Calculate the remainder when h(-15) is divided by 7/(-4)*(1 + -5).
1
Let j be 8/(-14) - 36/(-63). Suppose 0*i - 3*i + 147 = j. Calculate the remainder when i is divided by 10.
9
Calculate the remainder when 26 is divided by (-198)/(-77)*(-56)/(-6).
2
Suppose -12 = -o + 2*m + 10, 0 = -3*o - 2*m + 42. Calculate the remainder when 332 is divided by o.
12
Calculate the remainder when 34 is divided by (-12 + 6)*(15/10 + -3).
7
Let w be 280/(-16)*(-4)/10. Suppose 266 = -0*x + w*x. What is the remainder when 74 is divided by x?
36
Let s = 308 + -300. Calculate the remainder when 43 is divided by s.
3
What is the remainder when 94 is divided by (((-231)/15 - -5)*5)/(-2)?
16
Let u(a) = 2*a + 26. Let w be u(-6). Suppose 0 = 16*h - w*h - 54. What is the remainder when 106 is divided by h?
25
Suppose 533 = 17*g - 674. Calculate the remainder when g is divided by 19.
14
Let u(a) = 2*a - 29. Let p be u(16). Suppose p*l = 4*l - 107. Calculate the remainder when l is divided by 16.
11
Suppose 4*z = 2*z + 42. Calculate the remainder when 29 is divided by z.
8
Let r = 464 + -426. What is the remainder when 136 is divided by r?
22
Suppose 40 = d - 2*j - 65, -12 = 4*j. What is the remainder when d is divided by 28?
15
Suppose -3 = -2*k + 5, -3*g + 204 = 3*k. What is the remainder when g is divided by 10 + (4 - (9 - 8))?
12
Calculate the remainder when (2640/(-100))/(24/15 + -2) is divided by 21 + 1 + -1 + 2.
20
Suppose s = 2*f, -3*s = 3*f - 14 - 4. Suppose s*c + 10 = 6*c. Calculate the remainder when 9 is divided by c.
4
Let m(s) = s**2 + 3*s - 27. What is the remainder when m(-12) is divided by 22?
15
Suppose 0 = -d - 6 + 5. What is the remainder when 76 is divided by 32 + -4 - d/(-1)?
22
Let g = 79 - 65. Calculate the remainder when g is divided by 3.
2
Suppose -3*s + 5*b + 350 = 0, -4 = 5*b - b. Suppose 15*a + 551 = 34*a. Calculate the remainder when s is divided by a.
28
Let p(z) = -9*z**3 - z**2 - 10*z - 18. Calculate the remainder when 347 is divided by p(-2).
67
Suppose -896 - 1004 = -38*t. Calculate the remainder when 192 is divided by t.
42
Let z(m) = -2*m**2 + 19*m + 11. Suppose -5*t - 57 = 4*w, -34 = 3*w + t + t. Let j = 6 - w. What is the remainder when z(6) is divided by j?
11
Let z = -329 + 366. Calculate the remainder when 73 is divided by z.
36
Suppose -33 = v - 4*v. Suppose 0 = -2*z + 92 - 86. What is the remainder when v is divided by z?
2
Suppose -120 = 4*f + x, -2*f + 5*x - 60 = 4*x. Let y = 59 + f. Calculate the remainder when y is divided by 6.
5
Let i(f) = -5*f - 1. Let w(u) = -u**2 + 7*u - 11. Let z be w(5). Suppose 0*p = -4*p + 60. What is the remainder when p is divided by i(z)?
3
Let g be 3/(0 + -3) + 106. Let k = 174 - g. Let m = k - 19. Calculate the remainder when m is divided by 13.
11
Let o(n) = 2*n**2 - 7*n + 14. Let a(f) = 3*f**2 - 6*f + 13. Let m(q) = 3*a(q) - 4*o(q). Calculate the remainder when m(-14) is divided by 11.
6
Let d = -54 - -78. Let l = -9 + d. Suppose -36 = -5*t - 4*a, -5*a = -15 - 5. Calculate the remainder when l is divided by t.
3
Let u(o) = 11*o**2 - 27*o. Calculate the remainder when u(5) is divided by 8.
4
Suppose -5 = -3*k + 5*q, -3*k - 2*q